of 21245050?
0
What is the millions digit of 2294428?
2
What is the millions digit of 2088994?
2
What is the units digit of 603020?
0
What is the hundred thousands digit of 1412608?
4
What is the hundreds digit of 5786742?
7
What is the thousands digit of 191394?
1
What is the hundreds digit of 118048?
0
What is the hundreds digit of 13794304?
3
What is the tens digit of 2215229?
2
What is the thousands digit of 286551?
6
What is the hundreds digit of 3548146?
1
What is the tens digit of 4687295?
9
What is the thousands digit of 13413517?
3
What is the hundred thousands digit of 7028048?
0
What is the hundreds digit of 41058?
0
What is the units digit of 2894684?
4
What is the tens digit of 3507656?
5
What is the tens digit of 451735?
3
What is the tens digit of 180427?
2
What is the thousands digit of 993911?
3
What is the thousands digit of 287579?
7
What is the hundred thousands digit of 2501057?
5
What is the units digit of 12765664?
4
What is the thousands digit of 134977?
4
What is the hundred thousands digit of 167813?
1
What is the ten millions digit of 10674896?
1
What is the hundreds digit of 971846?
8
What is the tens digit of 5584424?
2
What is the thousands digit of 9156007?
6
What is the tens digit of 438129?
2
What is the units digit of 641156?
6
What is the ten thousands digit of 257457?
5
What is the ten thousands digit of 2724227?
2
What is the hundreds digit of 9068048?
0
What is the tens digit of 734932?
3
What is the millions digit of 8365141?
8
What is the millions digit of 15245710?
5
What is the units digit of 101685?
5
What is the hundreds digit of 543051?
0
What is the hundreds digit of 187997?
9
What is the units digit of 20839?
9
What is the tens digit of 20093?
9
What is the ten thousands digit of 12913263?
1
What is the hundreds digit of 1926914?
9
What is the ten thousands digit of 4960315?
6
What is the hundreds digit of 13271025?
0
What is the ten thousands digit of 231362?
3
What is the millions digit of 2309027?
2
What is the hundred thousands digit of 164521?
1
What is the units digit of 2096706?
6
What is the ten thousands digit of 15509492?
0
What is the hundreds digit of 613168?
1
What is the thousands digit of 92522?
2
What is the hundreds digit of 324452?
4
What is the ten millions digit of 14148923?
1
What is the ten thousands digit of 1245429?
4
What is the tens digit of 25155085?
8
What is the ten thousands digit of 105920?
0
What is the hundreds digit of 155727?
7
What is the hundred thousands digit of 1875783?
8
What is the units digit of 192928?
8
What is the units digit of 469838?
8
What is the millions digit of 1198502?
1
What is the thousands digit of 20254694?
4
What is the hundred thousands digit of 142894?
1
What is the tens digit of 118989?
8
What is the units digit of 59686?
6
What is the tens digit of 22601874?
7
What is the units digit of 2160755?
5
What is the hundred thousands digit of 282988?
2
What is the hundreds digit of 296903?
9
What is the millions digit of 15739037?
5
What is the thousands digit of 121896?
1
What is the tens digit of 8656951?
5
What is the hundreds digit of 672118?
1
What is the ten thousands digit of 921675?
2
What is the hundred thousands digit of 2692301?
6
What is the tens digit of 5028490?
9
What is the ten millions digit of 31383167?
3
What is the ten thousands digit of 130680?
3
What is the units digit of 9536522?
2
What is the thousands digit of 170283?
0
What is the ten millions digit of 16700292?
1
What is the hundreds digit of 24360387?
3
What is the ten thousands digit of 6323970?
2
What is the ten thousands digit of 2389864?
8
What is the tens digit of 1615255?
5
What is the hundred thousands digit of 2602509?
6
What is the ten millions digit of 13916599?
1
What is the hundred thousands digit of 21423241?
4
What is the units digit of 208466?
6
What is the ten thousands digit of 1432373?
3
What is the ten thousands digit of 1045330?
4
What is the ten thousands digit of 860243?
6
What is the ten thousands digit of 1394591?
9
What is the units digit of 2072507?
7
What is the tens digit of 42519?
1
What is the hundred thousands digit of 1552745?
5
What is the tens digit of 20980687?
8
What is the hundreds digit of 3233949?
9
What is the tens digit of 317938?
3
What is the ten thousands digit of 2223082?
2
What is the millions digit of 1619134?
1
What is the hundreds digit of 6503837?
8
What is the thousands digit of 6329765?
9
What is the tens digit of 3488309?
0
What is the tens digit of 1319412?
1
What is the thousands digit of 118329?
8
What is the units digit of 311154?
4
What is the ten millions digit of 12753960?
1
What is the hundreds digit of 4660613?
6
What is the hundred thousands digit of 237462?
2
What is the ten thousands digit of 1048779?
4
What is the thousands digit of 1857008?
7
What is the hundred thousands digit of 312076?
3
What is the units digit of 1047539?
9
What is the hundreds digit of 74768?
7
What is the ten thousands digit of 283363?
8
What is the units digit of 18613180?
0
What is the units digit of 301809?
9
What is the thousands digit of 1108288?
8
What is the hundred thousands digit of 201327?
2
What is the tens digit of 222359?
5
What is the hundreds digit of 975518?
5
What is the units digit of 94318?
8
What is the hundred thousands digit of 256748?
2
What is the units digit of 998764?
4
What is the hundred thousands digit of 320004?
3
What is the ten thousands digit of 16550173?
5
What is the thousands digit of 1045103?
5
What is the ten thousands digit of 39075935?
7
What is the ten thousands digit of 2369137?
6
What is the thousands digit of 4607803?
7
What is the tens digit of 18624452?
5
What is the hundred thousands digit of 411070?
4
What is the tens digit of 4072439?
3
What is the hundreds digit of 2732768?
7
What is the tens digit of 2100523?
2
What is the ten thousands digit of 449113?
4
What is the hundreds digit of 287911?
9
What is the ten thousands digit of 4558286?
5
What is the hundreds digit of 7905947?
9
What is the millions digit of 2958803?
2
What is the hundreds digit of 1032086?
0
What is the tens digit of 195682?
8
What is the ten thousands digit of 102478?
0
What is the millions digit of 1398865?
1
What is the hundred thousands digit of 4644729?
6
What is the hundreds digit of 164993?
9
What is the hundred thousands digit of 859717?
8
What is the millions digit of 11122126?
1
What is the hundred thousands digit of 193063?
1
What is the hundred thousands digit of 1589855?
5
What is the hundreds digit of 176994?
9
What is the ten thousands digit of 401533?
0
What is the hundred thousands digit of 324351?
3
What is the tens digit of 2073?
7
What is the hundreds digit of 2998479?
4
What is the tens digit of 107820?
2
What is the tens digit of 111168?
6
What is the tens digit of 860380?
8
What is the ten thousands digit of 166049?
6
What is the units digit of 226464?
4
What is the ten thousands digit of 1811738?
1
What is the thousands digit of 197703?
7
What is the tens digit of 364340?
4
What is the ten thousands digit of 5004147?
0
What is the ten thousands digit of 1072052?
7
What is the ten thousands digit of 2158049?
5
What is the hundreds digit of 624038?
0
What is the hundreds digit of 75248?
2
What is the tens digit of 401590?
9
What is the thousands digit of 34167?
4
What is the tens digit of 35084?
8
What is the hundred thousands digit of 9033673?
0
What is the thousands digit of 17136036?
6
What is the hundreds digit of 394060?
0
What is the ten thousands digit of 7574785?
7
What is the tens digit of 819925?
2
What is the millions digit of 9941572?
9
What is the ten thousands digit of 14090123?
9
What is the tens digit of 2601869?
6
What is the hundreds digit of 4374693?
6
What is the millions digit of 8779444?
8
What is the hundreds digit of 37974469?
4
What is the ten thousands digit of 3608757?
0
What is the hundred thousands digit of 4585963?
5
What is the thousands digit of 418031?
8
What is the hundreds digit of 207998?
9
What is the hundreds digit of 155361?
3
What is the thousands digit of 208846?
8
What is the ten thousands digit of 418269?
1
What is the tens digit of 53532?
3
What is the hundred thousands digit of 5913075?
9
What is the ten thousands digit of 195737?
9
What